{"id":7,"date":"2020-09-29T20:07:59","date_gmt":"2020-09-29T18:07:59","guid":{"rendered":"http:\/\/fairtrain.org.pl\/?page_id=7"},"modified":"2020-12-02T20:15:49","modified_gmt":"2020-12-02T19:15:49","slug":"nowe-muzeum-sztuki-nowoczesnej-otwarlo-swoje-powoje","status":"publish","type":"page","link":"https:\/\/fairtrain.org.pl\/","title":{"rendered":"Gra miejska FairTrain"},"content":{"rendered":"\r\n<div class=\"wp-block-group alignwide\">\r\n<div class=\"wp-block-group__inner-container\">\r\n<h2 class=\"has-text-align-center has-accent-color has-text-color\">\u201cX Jubileuszowa Gra Miejska FAIR TRAIN,<\/h2>\r\n<h2 class=\"has-text-align-center has-accent-color has-text-color\">tym razem online\u201d<\/h2>\r\n\r\n\r\n\r\n<p><strong>O GRZE:<\/strong><\/p>\r\n<\/div>\r\n<\/div>\r\n\r\n\r\n\r\n<p id=\"h.p_tQj0p2Mi0eYr\" class=\"has-drop-cap has-primary-color has-subtle-background-background-color has-text-color has-background\">Gr\u0119 od 2007 roku wspiera\u0142y r\u00f3\u017cne mi\u0119dzynarodowe inicjatywy. Dzi\u0119ki mo\u017cliwo\u015bci udzia\u0142u w nich gra w og\u00f3le mia\u0142a sw\u00f3j pocz\u0105tek. Oto historia gry i projekt\u00f3w wspieraj\u0105cych krok po kroku: <a href=\"https:\/\/sites.google.com\/view\/city-game-fair-train\/historia-gry-miejskiej-fair-train-the-history-of-the-fair-train-city-game?authuser=0\">HISTORIA GRY &#8211; KLIKNIJ<\/a><\/p>\r\n<p class=\"has-drop-cap has-primary-color has-subtle-background-background-color has-text-color has-background\"><a href=\"http:\/\/fairtrain.org.pl\/?p=61\">Od 2020 wspiera nas Genially<\/a>.<\/p>\r\n<p><img loading=\"lazy\" class=\"alignnone size-medium wp-image-70\" src=\"http:\/\/fairtrain.org.pl\/wp-content\/uploads\/2020\/11\/Genially-1-300x99.png\" alt=\"\" width=\"300\" height=\"99\" srcset=\"https:\/\/fairtrain.org.pl\/wp-content\/uploads\/2020\/11\/Genially-1-300x99.png 300w, https:\/\/fairtrain.org.pl\/wp-content\/uploads\/2020\/11\/Genially-1.png 389w\" sizes=\"(max-width: 300px) 100vw, 300px\" \/><\/p>\r\n\r\n\r\n\r\n<p id=\"h.p_C03lq-ynUsjb\"><em><strong>ABOUT A GAME:<\/strong><\/em><\/p>\r\n\r\n\r\n\r\n<p id=\"h.p_v8PT_uWjUr1b\" class=\"has-drop-cap\">Since 2007, the game has been supported by various international initiatives. Actually, thanks to the possibility of participation in them, the game in general had its beginning. Here is the story of the game and step-by-step support projects:<\/p>\r\n<p class=\"has-drop-cap\"><a href=\"https:\/\/sites.google.com\/view\/city-game-fair-train\/historia-gry-miejskiej-fair-train-the-history-of-the-fair-train-city-game?authuser=0\">PAST HISTORY OF THE GAME CLICK<\/a><\/p>\r\n\r\n\r\n\r\n<figure class=\"wp-block-image size-large is-style-rounded\"><img loading=\"lazy\" width=\"1024\" height=\"639\" class=\"wp-image-40\" src=\"http:\/\/fairtrain.org.pl\/wp-content\/uploads\/2020\/11\/photovoltaic-4244774_1920-1024x639.jpg\" alt=\"\" srcset=\"https:\/\/fairtrain.org.pl\/wp-content\/uploads\/2020\/11\/photovoltaic-4244774_1920-1024x639.jpg 1024w, https:\/\/fairtrain.org.pl\/wp-content\/uploads\/2020\/11\/photovoltaic-4244774_1920-300x187.jpg 300w, https:\/\/fairtrain.org.pl\/wp-content\/uploads\/2020\/11\/photovoltaic-4244774_1920-768x480.jpg 768w, https:\/\/fairtrain.org.pl\/wp-content\/uploads\/2020\/11\/photovoltaic-4244774_1920-1536x959.jpg 1536w, https:\/\/fairtrain.org.pl\/wp-content\/uploads\/2020\/11\/photovoltaic-4244774_1920-1200x749.jpg 1200w, https:\/\/fairtrain.org.pl\/wp-content\/uploads\/2020\/11\/photovoltaic-4244774_1920.jpg 1920w\" sizes=\"(max-width: 1024px) 100vw, 1024px\" \/><\/figure>\r\n\r\n\r\n\r\n<p id=\"h.p_Iefj6O_9UdcW\"><strong>CELE GRY:<\/strong><\/p>\r\n\r\n\r\n\r\n<p id=\"h.p_Zj4V-ITtUdcX\" class=\"has-subtle-background-background-color has-background\">\u25cf upowszechnianie w\u015br\u00f3d m\u0142odzie\u017cy, nauczycieli\/ek oraz mieszka\u0144c\u00f3w\/ek \u015al\u0105ska tre\u015bci z zakresu edukacji globalnej ze szczeg\u00f3lnym uwzgl\u0119dnieniem Cel\u00f3w Zr\u00f3wnowa\u017conego Rozwoju<\/p>\r\n\r\n\r\n\r\n<p id=\"h.p_vubc7g-BUrd9\" class=\"has-subtle-background-background-color has-background\">\u25cfzwr\u00f3cenie uwagi uczestnik\u00f3w\/ek na globalne wyzwania i problemy oraz sk\u0142onienie do poszukiwania ich rozwi\u0105za\u0144 i zaplanowania dzia\u0142a\u0144<\/p>\r\n\r\n\r\n\r\n<p id=\"h.p_lB-cxneyUrd-\" class=\"has-primary-color has-subtle-background-background-color has-text-color has-background\">\u25cf zach\u0119cenie m\u0142odzie\u017cy do aktywno\u015bci w czynieniu \u015bwiata bardziej sprawiedliwym i przyjaznym<\/p>\r\n\r\n\r\n\r\n<p id=\"h.p_YyEiKeczUreA\" class=\"has-subtle-background-background-color has-background\">\u25cf rozwijanie u m\u0142odzie\u017cy kompetencji kluczowych, ze szczeg\u00f3lnym uwzgl\u0119dnieniem umiej\u0119tno\u015bci krytycznego my\u015blenia, wsp\u00f3\u0142pracy i odpowiedzialno\u015bci<\/p>\r\n\r\n\r\n\r\n<figure class=\"wp-block-image size-large is-style-rounded\"><img loading=\"lazy\" width=\"1024\" height=\"796\" class=\"wp-image-41\" src=\"http:\/\/fairtrain.org.pl\/wp-content\/uploads\/2020\/11\/flower-887443_1920-1024x796.jpg\" alt=\"\" srcset=\"https:\/\/fairtrain.org.pl\/wp-content\/uploads\/2020\/11\/flower-887443_1920-1024x796.jpg 1024w, https:\/\/fairtrain.org.pl\/wp-content\/uploads\/2020\/11\/flower-887443_1920-300x233.jpg 300w, https:\/\/fairtrain.org.pl\/wp-content\/uploads\/2020\/11\/flower-887443_1920-768x597.jpg 768w, https:\/\/fairtrain.org.pl\/wp-content\/uploads\/2020\/11\/flower-887443_1920-1536x1194.jpg 1536w, https:\/\/fairtrain.org.pl\/wp-content\/uploads\/2020\/11\/flower-887443_1920-1200x933.jpg 1200w, https:\/\/fairtrain.org.pl\/wp-content\/uploads\/2020\/11\/flower-887443_1920.jpg 1920w\" sizes=\"(max-width: 1024px) 100vw, 1024px\" \/><\/figure>\r\n\r\n\r\n\r\n<p id=\"h.p_DjMUHd27Vk7r\"><strong>OBJECTIVES OF THE GAME:<\/strong><\/p>\r\n\r\n\r\n\r\n<p id=\"h.p_CooQoC8LVlIM\">\u25cf dissemination of contents in the field of global education to young people, teachers and residents of Silesia region, with particular emphasis on the Sustainable Development Goals<\/p>\r\n\r\n\r\n\r\n<p id=\"h.p_aXzlGVBTVlIN\">\u25cf drawing participants&#8217; attention to global challenges and problems, as well as getting them to look for solutions and plan activities<\/p>\r\n\r\n\r\n\r\n<p id=\"h.p_CylIMhFTVlIP\">\u25cf encouraging young people to be active in making the world more just and friendly<\/p>\r\n\r\n\r\n\r\n<p id=\"h.p_AFuW8ItVVlIR\">\u25cf developing key competences in the youth, with particular emphasis on the skills of critical thinking, cooperation and responsibility<\/p>\r\n","protected":false},"excerpt":{"rendered":"","protected":false},"author":1,"featured_media":0,"parent":0,"menu_order":0,"comment_status":"closed","ping_status":"closed","template":"","meta":[],"_links":{"self":[{"href":"https:\/\/fairtrain.org.pl\/index.php?rest_route=\/wp\/v2\/pages\/7"}],"collection":[{"href":"https:\/\/fairtrain.org.pl\/index.php?rest_route=\/wp\/v2\/pages"}],"about":[{"href":"https:\/\/fairtrain.org.pl\/index.php?rest_route=\/wp\/v2\/types\/page"}],"author":[{"embeddable":true,"href":"https:\/\/fairtrain.org.pl\/index.php?rest_route=\/wp\/v2\/users\/1"}],"replies":[{"embeddable":true,"href":"https:\/\/fairtrain.org.pl\/index.php?rest_route=%2Fwp%2Fv2%2Fcomments&post=7"}],"version-history":[{"count":13,"href":"https:\/\/fairtrain.org.pl\/index.php?rest_route=\/wp\/v2\/pages\/7\/revisions"}],"predecessor-version":[{"id":95,"href":"https:\/\/fairtrain.org.pl\/index.php?rest_route=\/wp\/v2\/pages\/7\/revisions\/95"}],"wp:attachment":[{"href":"https:\/\/fairtrain.org.pl\/index.php?rest_route=%2Fwp%2Fv2%2Fmedia&parent=7"}],"curies":[{"name":"wp","href":"https:\/\/api.w.org\/{rel}","templated":true}]}}